hat is the remainder when a is divided by c(2)?
3
Suppose 0 = -2*s - 4*t + t + 53, 5*t + 73 = 4*s. What is the remainder when 41 is divided by s?
19
Let j(z) = -z**3 + 2*z**2 + 5*z + 2. Let i be j(-3). Suppose -i*b + 37*b - 60 = 0. Let f(u) = -u**2 + 14*u - 3. What is the remainder when f(8) is divided by b?
9
Let j = 26 - 22. What is the remainder when 33 is divided by ((-28)/(-8))/(2/j)?
5
Let w(b) = b**2 - 12*b + 72. What is the remainder when 194 is divided by w(8)?
34
Let p(s) = s**2 + 3*s - 4. Let u(b) = b**2 - 13*b + 10. Let w be u(11). Calculate the remainder when p(3) is divided by (8/(-6))/(4/w).
2
What is the remainder when -5 + 58 + -4 + -1 is divided by 62/6 - 4/12?
8
Let i = 20 + -11. Suppose 6*q = q + 100. Let k = -5 + q. Calculate the remainder when k is divided by i.
6
Let i = -1240 - -1370. What is the remainder when 2727 is divided by i?
127
Suppose z + 12 = 3*f, 3*z - f + 86 = 26. Let t be (22*(-2)/8)/(2/12). Let x = z - t. What is the remainder when x is divided by 3?
0
Suppose -18*m - 25*m + 2537 = 0. What is the remainder when 231 is divided by m?
54
Let w = -2097 + 2140. What is the remainder when 730 is divided by w?
42
Let i(o) = o**3 + 8*o**2 - 2*o + 2. Suppose 12 = k - 5*q, 0 = 3*q + 2 + 10. Let d(z) = -6*z - 7. Calculate the remainder when i(k) is divided by d(-2).
3
Let n(b) = 20*b**2 - b - 1. Suppose -15*o - 18 - 178 = -22*o. Calculate the remainder when n(-2) is divided by o.
25
Suppose 48*q - 116*q = -12716. Calculate the remainder when q is divided by 96.
91
Let c(j) = j**2 + 7*j + 10. Let y be c(-6). Suppose y*z - 2*q = 68, -3*q = z + q - 26. Let h = -10 + z. What is the remainder when 13 is divided by h?
5
Suppose 4*l - 2*l = -5*d + 56, -4*l = -12. Suppose -288 = 9*z + 549. Let f = z + 151. What is the remainder when f is divided by d?
8
Let k be (-155)/10 + (-12)/(-32)*4. Calculate the remainder when (-840)/36*36/k is divided by 25.
10
Suppose 1023 = 8*x - 81. Calculate the remainder when x is divided by 12.
6
Let h = 133 + -69. Calculate the remainder when h is divided by 35.
29
Let y = 372 + -303. What is the remainder when y is divided by 3?
0
Suppose 0 = 5*i - 4*j - 38, 2*i - 6*i = j - 43. Suppose i*k = -8 + 58. Calculate the remainder when 17 is divided by k.
2
What is the remainder when 77/2 - 2/4 is divided by (91/(-28))/(-13)*40?
8
What is the remainder when (-30)/((-18)/(-3)) - -53 is divided by 31?
17
Let a(t) = -2*t**3 + 3*t**2 - 7*t - 7. Let g be a(-4). Let u = g - 73. What is the remainder when u is divided by 42?
40
Let q(n) = 2*n**2 + 19*n + 20. Let s(d) = -4*d**2 - 39*d - 41. Let c(f) = 13*q(f) + 6*s(f). What is the remainder when 188 is divided by c(-8)?
36
Suppose 0*n + 2*n + 2*j = 180, n - 93 = -4*j. Calculate the remainder when 344 is divided by n.
77
Let k = 0 + -10. Let j = k + 14. Suppose j*f - 4 = 0, -2*b + 2*f = f - 7. Calculate the remainder when 8 is divided by b.
0
Suppose 0 = -3*j + 115 - 13. Suppose -7*p = -1041 + 110. Calculate the remainder when p is divided by j.
31
Suppose 5*d = y + 33, -y - 4*y = 3*d + 53. Let p = 30 + y. Let z = 3 + p. What is the remainder when 38 is divided by z?
18
Suppose 4*o = -2*d, 3*d - 4 = -3*o - 1. Suppose -5 = -5*y, -d*v + 3 + 0 = 3*y. Suppose -3*j + 60 = -v*j. What is the remainder when 99 is divided by j?
19
Let m(l) = -2*l**2 - 28*l. Calculate the remainder when m(-12) is divided by 7.
6
Suppose -10*d - 4*d = -686. What is the remainder when d is divided by (-116)/(-10) - 12/20?
5
Let v(j) = j**2 + 21*j + 17. Let d = -115 + 94. What is the remainder when 31 is divided by v(d)?
14
Suppose -171*p + 165*p = -1098. What is the remainder when p is divided by 11?
7
Suppose 63 = r - 43. What is the remainder when r is divided by 11?
7
Let c(k) = 231*k**2. Let l be c(-1). Suppose -8*t = 3*t - l. Calculate the remainder when t is divided by 8.
5
Suppose 2*z + 46 = -5*p + 68, -71 = -3*z + 2*p. What is the remainder when 144 is divided by z?
18
Suppose 0 = 2*v + 3*s - 12, -8*s + 10 = -3*s. Suppose k - v = -0. Calculate the remainder when 4/8*2*7 is divided by k.
1
Let g(c) = -6*c - 102. Calculate the remainder when 321 is divided by g(-18).
3
What is the remainder when -85*-1*(-18)/(-15) is divided by 13?
11
Let v = 37 - 32. Let d(g) = 10*g - 12. What is the remainder when 112 is divided by d(v)?
36
Let k(g) = 6*g**2 + 7*g - 16. Let x be k(-7). Let p = x + -150. Calculate the remainder when p is divided by 16.
15
What is the remainder when 626 is divided by 224/16 + (1 - 4) + 8?
18
Let z = -232 - -237. What is the remainder when 33 is divided by z?
3
Suppose 232*w + 480 = 236*w. Calculate the remainder when w is divided by 11.
10
Let w(x) = -6*x + 74. Let z be w(14). Suppose 5*n = v - 4*v + 122, -2 = 2*v. Let q = n + z. Calculate the remainder when q is divided by 9.
6
Let s = -31 - -43. What is the remainder when 201 is divided by s?
9
Let l(f) = 7*f**3 + 14*f + 13. Let z(s) = -15*s**3 + s**2 - 29*s - 26. Let o(i) = -13*l(i) - 6*z(i). What is the remainder when 103 is divided by o(-6)?
33
Suppose -18*s + 13*s = -3*r + 4307, r + s = 1441. What is the remainder when r is divided by 72?
71
Let h(r) = 8*r + 61. Let i be h(-6). Suppose 17*b - 332 = i*b. What is the remainder when b is divided by 12?
11
Let x = 161 - 156. Let f be 1/4 - 42/8. Let n = f + 7. Calculate the remainder when x is divided by n.
1
Let m = 398 + -246. Suppose 0*i - 304 = -2*i - v, -m = -i - 4*v. What is the remainder when i is divided by 26?
22
Let h = 27 - 22. Suppose -4*o = 2*a - 45 + h, -o = -4*a - 28. Suppose o = 5*d - 73. Calculate the remainder when d is divided by 7.
3
Suppose -199 = -10*o + 41. What is the remainder when 42 is divided by o?
18
Suppose 3*l + 80 = 7*l. Let v(f) = -f**2 - 31*f - 101. What is the remainder when l is divided by v(-27)?
6
Let y(q) = 3*q**2 - 5*q - 9. Let j = 131 - 84. Calculate the remainder when y(-5) is divided by j.
44
Suppose 7*k = 5*k + 12. Let u(d) = -3*d + 22. Calculate the remainder when 6 is divided by u(k).
2
Suppose 270 - 32 = q. Let f = -106 + q. Calculate the remainder when f is divided by 34.
30
Suppose b = -2*c + 41, -6*b - 2*c = -2*b - 134. What is the remainder when 99 is divided by b?
6
Let x = -17 + 19. Let m(n) = 6*n**2 + 3*n - 2. What is the remainder when 55 is divided by m(x)?
27
Let r = -2 - -96. Calculate the remainder when (-3 - r/(-8))/(2/40) is divided by 44.
43
Let u = 3556 + -3499. Let x(o) = -o**3 - 5*o**2 - o. Let s be x(-6). Suppose 3*g + s = 129. Calculate the remainder when u is divided by g.
28
Suppose -i = -32 - 3. Let f be i/(-2)*(-32)/(-20). Let s = 41 - f. What is the remainder when s is divided by 24?
21
Let b = 34 - 19. Suppose 0 = 2*c - 13 - 21. Let n = 59 - c. Calculate the remainder when n is divided by b.
12
Let z(v) = -122*v**3 - 12*v**2 - 13*v - 1. Calculate the remainder when z(-1) is divided by 60.
2
Suppose 0 = -2*t - 7 + 35. What is the remainder when 69*(6/(-9))/(-2) is divided by t?
9
Suppose -3*h - t = 107, -4*t + 16 = -h - 11. Let j = h + 61. Calculate the remainder when 75 is divided by j.
23
Let k = 34 - 13. What is the remainder when 118 is divided by k?
13
Let w(i) = -i**2 + 5*i - 1. Let b be w(4). Suppose 2*y = -f + 4*y + 4, 3*y = -b*f + 30. Calculate the remainder when 31 is divided by f.
7
Let y = 92 + -51. Calculate the remainder when 202 is divided by y.
38
What is the remainder when (-43 - -58)*((-4)/5)/(-2) is divided by 18/10 - 3/(-15)?
0
Suppose 3*u - 2*a - 170 = 119, 0 = 3*u + 4*a - 259. What is the remainder when 274 is divided by u?
88
Suppose -7*p = -7*p + 2*p. Suppose 91*c - 95*c + 140 = p. Calculate the remainder when 137 is divided by c.
32
Let x(q) = -63*q - 2. Let l be x(-1). Suppose -14*o + l = -233. Let r(k) = 82*k**2 - 2*k - 1. What is the remainder when r(-1) is divided by o?
20
Suppose 2*o - 20 = 28. Calculate the remainder when o is divided by ((-24)/3 - -3)*72/(-40).
6
Let p be 2/((-2)/98*2). Let k be (-3 - p)/2 - -3. Suppose 5*i = k - 6. Calculate the remainder when i is divided by 2.
0
Let v = -46 + 74. Calculate the remainder when (-410)/(-14) - 8/v is divided by 11.
7
Suppose 3*k + n - 21 = 0, 8*k - 34 = 3*k - 2*n. Suppose -258 - 210 = -18*d. Calculate the remainder when d is divided by k.
2
Suppose 27*h = 29*h + 56. Let j = -14 - h. What is the remainder 